- 0. Let p(j) = j**3 + 2*j**2 - 3*j - 2. Let v be p(-4). Let b be (-4 - v) + (0 - -1). What is the highest common factor of o and b?
19
Let h(q) = q**2 + 9*q - 10. Let c be h(-10). Suppose -w + 5*w - 16 = c. Suppose 0 = w*p - 150 - 138. What is the highest common factor of 18 and p?
18
Suppose -452 = -3*o - 128. Calculate the greatest common divisor of o and 12.
12
Let u(f) = 2*f**2 - 3*f + 5. Let t be u(5). Let c(n) = -7*n - 1. Let k be c(-3). What is the highest common divisor of t and k?
20
Let b = -3 - -7. Suppose d = -4*t + 9, t + 2*t - b*d - 2 = 0. Let v(r) = 9*r**2 + 2*r - 1. Let l be v(t). What is the highest common divisor of l and 13?
13
Let u = 44 - 11. Let t be (0 - -1 - -1) + 1. Let y = t - -8. Calculate the greatest common factor of y and u.
11
Suppose -3 + 11 = -l - 5*w, -12 = 3*w. Suppose 3*y - l = 6. Suppose 0 = 4*f - 3*m - 177, 5*m = 2*f + 3*f - 225. Calculate the highest common divisor of f and y.
6
Suppose -50 = 3*r - 167. Calculate the greatest common divisor of 13 and r.
13
Suppose c = 3*z - 43 + 9, -2*c + 16 = z. Let n be 44/6 + 8/z. Let q = -87 - -159. Calculate the greatest common divisor of q and n.
8
Let r be (324/(-45))/((-6)/20). What is the highest common factor of 12 and r?
12
Let b(o) = o**3 - 11*o**2 + 3*o - 7. Let k be (-2)/4*22/(-1). Let u be b(k). Calculate the greatest common factor of u and 39.
13
Suppose -5*m = -v + 8, -3*v + 2*v - 2*m = -1. Calculate the highest common divisor of 6 and v.
3
Suppose 3*d - 4*w - 2 = 0, -4*w - 45 = 2*d - 13. Let q be 3/9 + (-112)/d. What is the greatest common factor of q and 19?
19
Let h(m) = -m. Let q be h(-6). Let l be (19 - -11)*16/10. What is the greatest common factor of q and l?
6
Suppose -4*h + 0*z + 148 = 5*z, 0 = -2*z. Let d = h + -16. What is the highest common divisor of 7 and d?
7
Let v = -67 + 127. Let z = -2 - 50. Let h be (-788)/z + 4/(-26). What is the greatest common divisor of h and v?
15
Let b(g) = g**2 + 0 + 0*g**2 + 4. Let q be b(0). Suppose -5*s + 2*a + 454 = 0, 0*a + 98 = s - q*a. Calculate the greatest common divisor of s and 10.
10
Let p be 3163/(-6) + 3/18. Let d = p - -858. Suppose 3*u - 348 = -2*s, 4*s = 3*u + d + 347. Calculate the greatest common divisor of s and 19.
19
Let w(a) = -a**3 - 8*a**2 - 7*a + 3. Let r be w(-7). Suppose r*b - b = 10. Let h be 4 + -3 + -1 + 15. Calculate the highest common factor of b and h.
5
Let w(i) = -i**3 + 5*i**2 - 2*i - 5. Let y be w(5). Let l be (6/y)/((-1)/70). Calculate the highest common divisor of l and 84.
28
Let r = 162 + -82. What is the greatest common factor of r and 40?
40
Let g(v) = -v**2 - 11*v - 12. Let u be g(-6). Calculate the highest common divisor of u and 90.
18
Suppose 0*a = -3*c + a + 2, 0 = -5*a + 5. Calculate the greatest common divisor of 13 and c.
1
Suppose 119 = 5*a - 11. Calculate the greatest common factor of 65 and a.
13
Suppose 0 = 38*a - 43*a + 55. What is the greatest common divisor of 55 and a?
11
Let x = 0 - -13. What is the greatest common divisor of 143 and x?
13
Suppose 444 = -8*l + 1340. Calculate the greatest common factor of l and 16.
16
Suppose -3*t + 5*p = 2*t - 305, 0 = 2*p + 10. What is the highest common factor of t and 24?
8
Suppose -2*n - s + 6 = s, 0 = -2*n + 4*s - 12. Suppose -y = -2*l - 14, 2*y - 35 = -n*y - 3*l. What is the greatest common factor of y and 4?
4
Let i(l) = -4*l**2 - l**3 + 3*l**2 - l**3 - 1. Let a be i(-3). Suppose -4*g + 15 = 3*d - 17, -d - 3*g = -19. Calculate the highest common factor of d and a.
4
Let d(p) = -p**3 - 3*p**2 - 3*p - 6. Let h be d(-4). Suppose 4*j - 3*f + 6*f = 983, -4*j + f = -963. What is the highest common factor of j and h?
22
Let r(d) = d**2 + 8*d + 3. Let s be r(-8). Suppose 0 = o + 2*o - s*b - 21, 4*o = 2*b + 22. What is the greatest common factor of 2 and o?
2
Let s = -20 + 27. Calculate the highest common factor of s and 63.
7
Let j = 5 - 1. Suppose -4*u + 2*z = -2*u - 10, -6 = 2*u + 2*z. Calculate the highest common factor of j and u.
1
Let q(r) = -2*r + 34. Let h be q(-8). Calculate the greatest common factor of 20 and h.
10
Let d be ((-45)/(-20))/((-6)/(-112)). Calculate the highest common divisor of 462 and d.
42
Let v = 26 + 23. Suppose 2*j = 4*k + k + 29, -11 = -2*j - k. What is the highest common divisor of j and v?
7
Let t(a) be the second derivative of -a**3/3 - a**2 - 3*a. Let q be t(-5). What is the greatest common factor of 4 and q?
4
Let v(m) = 7*m + 28. Let h be v(-3). Let q(g) = 9*g + 2. Let z be q(6). Calculate the highest common factor of z and h.
7
Let p be -5*6*(-11)/(33/9). Let t be 1/4 + 71/4. What is the highest common factor of p and t?
18
Let d be (12/5)/2*(-175)/(-70). Let q = -22 - -49. What is the highest common divisor of q and d?
3
Let i(a) = -7*a - 3. Let h(d) = -d**2 - 7*d - 2. Let z be h(-6). Let f = z + -8. Let p be i(f). Calculate the greatest common divisor of p and 5.
5
Suppose 6*a = 13*a - 28. What is the highest common divisor of 2 and a?
2
Let o be 0 + 1/((-4)/(-16)). What is the highest common divisor of 8 and o?
4
Let a(t) = t**2 - 7*t + 3. Let k be a(7). Calculate the greatest common factor of 51 and k.
3
Let a be (-12)/(-3 + 0) + 1. Suppose 17 = a*x + 7. Suppose -1 = -x*r + 27. What is the greatest common factor of 28 and r?
14
Let y(l) be the first derivative of 6*l**3 - 2*l + 2. Let d be y(-3). Suppose -d = -2*z - 2*z. Calculate the greatest common divisor of z and 10.
10
Suppose 15*m - 4*m - 209 = 0. Calculate the greatest common divisor of m and 209.
19
Suppose 0 = 2*l - 2*z - 14, -2 = -l - z + 3*z. Suppose -4*q + 0*q = 5*k - 23, 0 = 2*q + 2*k - 14. What is the greatest common factor of l and q?
12
Let c(t) = -16*t - 6. Let v be c(-4). What is the greatest common divisor of v and 174?
58
Suppose 3*l - 17 = -11. Calculate the greatest common factor of l and 10.
2
Suppose 2*d + 9 = o, 0 = -4*o - 5*d + 23 + 26. Let i(w) = -w**2 + 4*w - 3. Let a be i(2). Calculate the greatest common divisor of a and o.
1
Let h = 132 - 220. Let v = -37 - h. Let m be -2*(3 + v/(-2)). What is the greatest common divisor of m and 5?
5
Suppose 192 = 21*s - 17*s. What is the highest common divisor of 120 and s?
24
Suppose -4*r - 1 = -9, 0 = 5*h + 5*r - 10. Suppose h = -4*z + 7*z - 48. Calculate the highest common factor of 64 and z.
16
Let p(s) = s**3 - 3*s**2 - s + 10. Let w be p(6). What is the greatest common divisor of 16 and w?
16
Let a be 2/3*162/36. Calculate the greatest common factor of 27 and a.
3
Suppose 1788 - 52 = 8*o. Calculate the highest common factor of o and 31.
31
Let r = -23 - -29. What is the greatest common factor of 78 and r?
6
Let l be (-381)/(-1)*2/(-3). Let b be -140 + 1/(2/(-4)). Let f = b - l. What is the greatest common factor of f and 16?
16
Let j(g) = -g**2 - 12*g - 7. Suppose 8 = -3*k + 2*k. Let r be j(k). Let w = 12 - 2. What is the highest common factor of r and w?
5
Let y = 4 + -1. What is the highest common factor of y and 21?
3
Let l = -30 + 44. Let d(p) = 15*p**2 - 1. Let f be d(1). What is the greatest common factor of l and f?
14
Let q be 24/(-30)*(-70)/(-4). Let g = -4 - q. Calculate the highest common divisor of g and 20.
10
Let s be 92/((-10)/(-4 - 1)). Calculate the highest common factor of 23 and s.
23
Suppose -75*p - 12 = -76*p. What is the highest common factor of p and 132?
12
Let m = -136 - -316. Calculate the greatest common divisor of 20 and m.
20
Suppose o + 194 = 4*t + 3*o, 5*o - 5 = 0. Let l = t + -27. What is the greatest common factor of l and 21?
21
Suppose -5*k + 379 + 76 = 0. What is the greatest common divisor of 13 and k?
13
Suppose j - 3*j = 4*i - 36, 2*i + 3*j = 22. Calculate the highest common divisor of i and 72.
8
Let w be -3 + (-5)/(20/(-24)). Let f be w/(1 - (-170)/(-176)). What is the highest common factor of f and 11?
11
Suppose -15 = 3*p, 4*w - 4*p + 15 = p. Let g = w + 32. What is the highest common factor of 33 and g?
11
Let m = 149 - 99. What is the greatest common divisor of m and 10?
10
Let p be ((-71)/(-1) - 5) + 2. What is the greatest common factor of 170 and p?
34
Let b be ((-7)/2)/(1/(-6)). Let o be 45/30 - b/(-2). What is the highest common factor of 132 and o?
12
Let x be (-7)/((1/2)/(-1)). Suppose 0 = -2*k + 238 + 70. Calculate the highest common divisor of k and x.
14
Let h = 52 - 43. What is the highest common